and 40356043.
871
What is the highest common factor of 5100095 and 840?
35
What is the highest common divisor of 622488 and 43956?
444
Calculate the highest common factor of 1868062 and 1336.
334
Calculate the greatest common factor of 1389 and 14073.
3
Calculate the greatest common factor of 3135 and 36222835.
1045
Calculate the greatest common divisor of 212159024 and 48180.
3212
What is the highest common factor of 1750812 and 1230117?
399
Calculate the greatest common factor of 250054882 and 1232.
154
What is the greatest common divisor of 105051008 and 128?
128
Calculate the highest common divisor of 1475 and 631949.
59
Calculate the highest common divisor of 11178960 and 45.
15
Calculate the greatest common divisor of 336 and 14184849.
21
Calculate the greatest common divisor of 633887452 and 23.
23
Calculate the greatest common divisor of 7392 and 62076.
84
What is the greatest common factor of 15963912 and 8?
8
What is the highest common factor of 832 and 1878708?
52
What is the greatest common divisor of 8 and 262813112?
8
What is the greatest common factor of 167 and 968767?
167
Calculate the highest common divisor of 319 and 133111.
11
What is the greatest common factor of 105 and 8903405?
35
What is the highest common divisor of 1122 and 1257861?
33
What is the highest common divisor of 4008 and 74952?
24
What is the highest common factor of 63 and 4294332?
63
What is the highest common factor of 168144 and 2728?
248
Calculate the highest common divisor of 260 and 38155.
65
What is the greatest common divisor of 15085472 and 4?
4
What is the highest common divisor of 92175 and 268800?
75
What is the greatest common divisor of 68520270 and 1064?
266
What is the greatest common divisor of 2 and 12229858?
2
What is the highest common divisor of 62819814 and 285?
57
Calculate the highest common divisor of 44 and 2215598.
22
What is the greatest common factor of 2796016 and 6?
2
Calculate the highest common factor of 2154 and 247976019.
1077
What is the highest common divisor of 89898582 and 138?
138
Calculate the highest common factor of 82644800 and 32480.
1120
Calculate the highest common factor of 98906 and 3910.
34
Calculate the highest common divisor of 148 and 30962118.
74
What is the highest common factor of 40 and 1596852280?
40
Calculate the highest common factor of 3386 and 9380.
2
What is the greatest common divisor of 345714 and 156342?
2202
Calculate the highest common divisor of 1252304 and 4048.
368
Calculate the highest common divisor of 161422 and 47128.
86
What is the greatest common factor of 492 and 29823?
3
What is the greatest common divisor of 44304 and 10192?
208
Calculate the greatest common factor of 7206 and 20967058.
2402
What is the highest common factor of 167929 and 89161?
547
What is the highest common divisor of 4950 and 172600?
50
Calculate the highest common divisor of 509665 and 50583.
13
What is the highest common factor of 279161343 and 3?
3
What is the greatest common factor of 23530 and 15611570?
130
Calculate the highest common factor of 206591880 and 28620.
3180
Calculate the greatest common factor of 49657 and 2530.
23
What is the highest common divisor of 176 and 1431968?
16
What is the greatest common factor of 422434641 and 807?
807
Calculate the greatest common factor of 9198 and 28409045.
511
What is the highest common divisor of 14920348 and 1272?
212
What is the greatest common factor of 436080 and 51152?
368
What is the greatest common factor of 3002874 and 798?
798
What is the greatest common divisor of 802 and 13759513?
401
What is the greatest common factor of 615480 and 258?
6
Calculate the highest common divisor of 4170 and 35888410.
1390
What is the greatest common divisor of 96150 and 6350?
50
Calculate the greatest common divisor of 7868 and 2060420698.
3934
Calculate the highest common divisor of 19323 and 62358.
57
What is the highest common factor of 63 and 62550054?
63
What is the highest common divisor of 220 and 926904?
44
What is the greatest common factor of 2868 and 91602964?
956
What is the highest common factor of 276 and 33121050?
6
What is the greatest common divisor of 110364 and 510?
102
What is the highest common factor of 66573 and 137709?
117
What is the greatest common divisor of 8430 and 58080?
30
Calculate the greatest common factor of 480 and 81918180.
60
Calculate the highest common divisor of 75 and 10136013.
3
What is the greatest common factor of 26 and 10574934?
2
Calculate the greatest common divisor of 57132 and 867560.
2116
Calculate the greatest common factor of 27 and 39981384.
27
Calculate the highest common factor of 4 and 19109342.
2
What is the greatest common divisor of 2862 and 289602?
54
What is the highest common factor of 2 and 22369?
1
Calculate the greatest common factor of 1308482 and 154.
14
Calculate the greatest common factor of 1472 and 1232524.
92
Calculate the highest common factor of 203987 and 11753.
161
What is the greatest common factor of 2608 and 1399518?
326
Calculate the greatest common factor of 3812049 and 46197.
1593
What is the highest common divisor of 1294 and 26293433?
647
Calculate the greatest common factor of 28 and 6339067.
7
What is the highest common factor of 784 and 527824?
16
What is the highest common factor of 55659055 and 395?
395
Calculate the greatest common factor of 26 and 847990.
26
Calculate the greatest common divisor of 56 and 447416.
8
What is the highest common divisor of 175 and 1393469?
7
What is the greatest common factor of 766051049 and 439?
439
What is the highest common factor of 616 and 3164?
28
What is the highest common divisor of 225180 and 120540?
60
Calculate the highest common divisor of 1806 and 260417374.
602
What is the greatest common factor of 704 and 24308603?
11
Calculate the highest common divisor of 52159 and 770603.
43
Calculate the greatest common divisor of 7855 and 320560.
5
What is the greatest common divisor of 7890 and 727458?
1578
Calculate the highest common factor of 237174 and 11886.
42
What is the greatest common factor of 3725 and 2660842?
149
What is the highest common divisor of 2824 and 582097?
353
What is the greatest common divisor of 9352441 and 7?
7
What is the highest common factor of 585 and 329901455?
65
What is the greatest common divisor of 10512315 and 165?
165
Calculate the highest common factor of 100 and 76351300.
100
Calculate the highest common divisor of 84783140 and 1675.
335
What is the greatest common divisor of 97 and 412963144?
97
Calculate the greatest common factor of 5145 and 9897951.
1029
Calculate the greatest common factor of 7326 and 220132.
22
What is the greatest common divisor of 304503314 and 2?
2
What is the highest common factor of 34842451 and 7?
7
Calculate the greatest common factor of 110 and 43348822.
22
What is the highest common divisor of 60858 and 168743358?
2646
What is the highest common factor of 4128 and 12142224?
48
What is the greatest common factor of 17155008 and 19908?
2844
Calculate the greatest common factor of 1486849 and 1352.
13
What is the greatest common divisor of 623 and 1101731?
89
What is the highest common factor of 66458 and 2529646?
1414
Calculate the highest common divisor of 4902 and 582883748.
1634
Calculate the greatest common factor of 198690699 and 677.
677
What is the greatest common divisor of 53235 and 203805?
315
Calculate the greatest common factor of 473616 and 9292.
92
Calculate the highest common divisor of 81418841 and 196.
49
What is the highest common factor of 423572 and 3196?
68
What is the highest common factor of 18 and 162457206?
6
What is the highest common divisor of 2926 and 8179402?
154
What is the highest common divisor of 67720376 and 1684?
1684
What is the highest common factor of 295484 and 32524?
692
Calculate the greatest common divisor of 73001 and 592.
37
What is the greatest common factor of 279276 and 1490841?
4107
Calculate the greatest common divisor of 65912 and 135289.
77
Calculate the greatest common divisor of 2792 and 132238892.
1396
What is the greatest common divisor of 72756 and 1108368?
1548
What is the highest common divisor of 1247462 and 14315046?
5594
What is the greatest common factor of 12 and 272235108?
12
What is the greatest comm